{"id":777,"date":"2013-01-16T12:02:58","date_gmt":"2013-01-16T10:02:58","guid":{"rendered":"http:\/\/www.upc.smm.lt\/asociacijos\/lmma\/?page_id=777"},"modified":"2023-03-29T15:05:57","modified_gmt":"2023-03-29T13:05:57","slug":"istatai","status":"publish","type":"page","link":"https:\/\/www.vu.lt\/lmma\/?page_id=777","title":{"rendered":"\u012estatai"},"content":{"rendered":"<p><span style=\"font-size: large;\">Lietuvos matematikos mokytoj\u0173 asociacijos \u012fstatai patvirtinti LMMA konferencijoje 2019 sausio 26 d. (<a href=\"https:\/\/www.vu.lt\/lmma\/wp-content\/uploads\/2013\/01\/LMMA-istatai_2019-01-26.pdf\">LMMA \u012fstatai 2019-01-26<\/a>)<\/span><\/p>\n<p><span style=\"font-size: 12pt;\">Lietuvos matematikos mokytoj\u0173 asociacijos pirmieji \u012fstatai patvirtinti matematikos mokytoj\u0173 konferencijoje 2005 liepos 29 d. (<a href=\"https:\/\/www.vu.lt\/lmma\/wp-content\/uploads\/2013\/01\/LMMA_istatai_2005-07-29.pdf\">LMMA \u012fstatai).<\/a><\/span><\/p>\n","protected":false},"excerpt":{"rendered":"<p>Lietuvos matematikos mokytoj\u0173 asociacijos \u012fstatai patvirtinti LMMA konferencijoje 2019 sausio 26 d. (LMMA \u012fstatai 2019-01-26) Lietuvos matematikos mokytoj\u0173 asociacijos pirmieji \u012fstatai patvirtinti matematikos mokytoj\u0173 konferencijoje&hellip;<\/p>\n","protected":false},"author":1,"featured_media":0,"parent":0,"menu_order":0,"comment_status":"closed","ping_status":"open","template":"","meta":{"footnotes":""},"class_list":["post-777","page","type-page","status-publish","hentry"],"_links":{"self":[{"href":"https:\/\/www.vu.lt\/lmma\/index.php?rest_route=\/wp\/v2\/pages\/777","targetHints":{"allow":["GET"]}}],"collection":[{"href":"https:\/\/www.vu.lt\/lmma\/index.php?rest_route=\/wp\/v2\/pages"}],"about":[{"href":"https:\/\/www.vu.lt\/lmma\/index.php?rest_route=\/wp\/v2\/types\/page"}],"author":[{"embeddable":true,"href":"https:\/\/www.vu.lt\/lmma\/index.php?rest_route=\/wp\/v2\/users\/1"}],"replies":[{"embeddable":true,"href":"https:\/\/www.vu.lt\/lmma\/index.php?rest_route=%2Fwp%2Fv2%2Fcomments&post=777"}],"version-history":[{"count":9,"href":"https:\/\/www.vu.lt\/lmma\/index.php?rest_route=\/wp\/v2\/pages\/777\/revisions"}],"predecessor-version":[{"id":2570,"href":"https:\/\/www.vu.lt\/lmma\/index.php?rest_route=\/wp\/v2\/pages\/777\/revisions\/2570"}],"wp:attachment":[{"href":"https:\/\/www.vu.lt\/lmma\/index.php?rest_route=%2Fwp%2Fv2%2Fmedia&parent=777"}],"curies":[{"name":"wp","href":"https:\/\/api.w.org\/{rel}","templated":true}]}}